s -101011100011 + -10?
-101011100101
In base 7, what is 1 + -113?
-112
In base 3, what is 10 - -111012?
111022
In base 4, what is -12 + 32?
20
In base 7, what is -36456 - 5?
-36464
In base 3, what is 111 + -102?
2
In base 7, what is -1140 + -1?
-1141
In base 2, what is 1 + -1001101?
-1001100
In base 12, what is -1 + 308?
307
In base 4, what is 1 - 22211?
-22210
In base 9, what is 1415 - 14?
1401
In base 14, what is -227 + -5?
-22c
In base 10, what is 1 - -1243?
1244
In base 8, what is 0 - 522?
-522
In base 13, what is 220 + 4?
224
In base 12, what is -4 - a71?
-a75
In base 5, what is 2242 - -14?
2311
In base 3, what is 10221 + -102?
10112
In base 9, what is -4 - 265?
-270
In base 11, what is -1 - -50?
4a
In base 7, what is -1 + 11550?
11546
In base 14, what is 0 + -35?
-35
In base 4, what is 13 - -121?
200
In base 6, what is 3441 - -3?
3444
In base 3, what is 12 + -1002?
-220
In base 5, what is -1324 - 14?
-1343
In base 3, what is -11200 + 2?
-11121
In base 7, what is 30 - -101?
131
In base 7, what is 24 + 0?
24
In base 8, what is -1 + -2455?
-2456
In base 14, what is -59d + 5?
-598
In base 9, what is -68 - 26?
-105
In base 11, what is -666 - 3?
-669
In base 2, what is 100100101 - 0?
100100101
In base 8, what is 576 - -110?
706
In base 12, what is 34 + -18?
18
In base 3, what is -102201 + 102?
-102022
In base 2, what is -1001010 - 10?
-1001100
In base 15, what is -24 + 1?
-23
In base 14, what is -8 + -34a?
-354
In base 2, what is -101011 + -11?
-101110
In base 9, what is -1384 - -6?
-1377
In base 6, what is 241 - -4?
245
In base 9, what is 2016 - 12?
2004
In base 11, what is -163 - 0?
-163
In base 12, what is 291 - -27?
2b8
In base 12, what is 5a - 4?
56
In base 7, what is 43 - -1?
44
In base 11, what is 9 + 12?
20
In base 8, what is 46637 - -4?
46643
In base 2, what is -111 + -1000100?
-1001011
In base 13, what is -135 + 2?
-133
In base 9, what is -1 - 2668?
-2670
In base 13, what is 1c - -130?
14c
In base 5, what is 4 - -2020?
2024
In base 3, what is 121 + 2021?
2212
In base 13, what is -1731 + 0?
-1731
In base 16, what is -a - 13?
-1d
In base 14, what is -1 - b?
-c
In base 11, what is 24 + 3?
27
In base 4, what is -1 - -3023?
3022
In base 8, what is 425 - -1?
426
In base 7, what is -26 - -2404?
2345
In base 11, what is 2 - 28?
-26
In base 16, what is -2 - -16c?
16a
In base 12, what is 54 + 2?
56
In base 6, what is 0 - 141?
-141
In base 6, what is 334 + 3?
341
In base 5, what is 134 - 0?
134
In base 13, what is 86 - -2?
88
In base 13, what is -19b - 6?
-1a4
In base 10, what is -2078 + 3?
-2075
In base 6, what is 4 + -51?
-43
In base 9, what is 2 - -1013?
1015
In base 4, what is 10102 - -2?
10110
In base 15, what is 6a0 - -3?
6a3
In base 15, what is 15 + -d?
7
In base 4, what is -1101120 + -12?
-1101132
In base 16, what is -50 - -21?
-2f
In base 16, what is 3 + -595?
-592
In base 7, what is 34 - -134?
201
In base 10, what is 5 - -2101?
2106
In base 15, what is 297c - -1?
297d
In base 14, what is -18 - -5?
-13
In base 10, what is -159 - -2?
-157
In base 12, what is a395 - 5?
a390
In base 11, what is 17 + 5?
21
In base 12, what is 1b + -10?
b
In base 16, what is -47 - -8?
-3f
In base 13, what is -2 - -57?
55
In base 16, what is 1 - -43?
44
In base 4, what is -33 - 11?
-110
In base 15, what is 1b5 + -5?
1b0
In base 16, what is -4 + 35?
31
In base 5, what is -43232 - -3?
-43224
In base 3, what is 21 + -12001100?
-12001002
In base 2, what is -11101 + 1110011?
1010110
In base 4, what is -101 - 0?
-101
In base 4, what is 123 - 1131?
-1002
In base 6, what is 1112 + 0?
1112
In base 2, what is -1000101 + 1010?
-111011
In base 12, what is 1197 + 5?
11a0
In base 3, what is -11 - -2220100?
2220012
In base 9, what is -150 - 1?
-151
In base 14, what is 305d + -5?
3058
In base 11, what is 5 + -235?
-230
In base 15, what is -3e - -16?
-28
In base 14, what is 5 - 460?
-459
In base 8, what is 124 - -126?
252
In base 14, what is 33 + -5?
2c
In base 7, what is -2061 + 3?
-2055
In base 14, what is -2 - 72?
-74
In base 6, what is -325 + 1?
-324
In base 11, what is -4 + 45?
41
In base 6, what is 15 - -2452?
2511
In base 8, what is 0 + -252?
-252
In base 2, what is 1011101 + -100?
1011001
In base 5, what is 1132 - -10?
1142
In base 10, what is -4 - 116?
-120
In base 8, what is -130 - -23?
-105
In base 12, what is 1660 - -1?
1661
In base 9, what is -5 + 308?
303
In base 2, what is -1010 - 10111?
-100001
In base 13, what is 21 + 2b?
4c
In base 2, what is -11 - -100100100101?
100100100010
In base 4, what is 0 - -33203?
33203
In base 12, what is 2 + -25a1?
-259b
In base 5, what is 4 - 1140?
-1131
In base 13, what is -b - -104?
c6
In base 12, what is -a - -471?
463
In base 4, what is -233 + 2?
-231
In base 14, what is -d9 - 9?
-104
In base 3, what is -12 + 102022?
102010
In base 10, what is 156 - -1?
157
In base 2, what is 1 + 1110101?
1110110
In base 3, what is -12 + -202110?
-202122
In base 13, what is 33c + 2?
341
In base 8, what is 45 - 16?
27
In base 15, what is 36 + -b?
2a
In base 8, what is 100 - 4?
74
In base 15, what is 9 + -39?
-30
In base 6, what is 5 - -25?
34
In base 14, what is 1c6 + -1?
1c5
In base 12, what is -a - -3?
-7
In base 3, what is 0 + -11001?
-11001
In base 2, what is 1 - 11010011?
-11010010
In base 3, what is 11 - 22021?
-22010
In base 6, what is -14 + 4?
-10
In base 9, what is -3 + -400?
-403
In base 16, what is b1 + -5?
ac
In base 14, what is -11 - 163?
-174
In base 14, what is -a + 10?
4
In base 16, what is -1c + f?
-d
In base 5, what is -3013 + -1?
-3014
In base 16, what is 14 + 13?
27
In base 14, what is -6 - 29c?
-2a4
In base 11, what is -63 + -5a?
-112
In base 3, what is -20110 - -1?
-20102
In base 9, what is 3 + 65?
68
In base 10, what is -4 + -124?
-128
In base 2, what is -100 - -11?
-1
In base 6, what is 33 + 340?
413
In base 3, what is -100001 + 12?
-22212
In base 15, what is 7b3 + -5?
7ad
In base 5, what is 34303 + -30?
34223
In base 15, what is 37 - 2?
35
In base 9, what is 5 + 103?
108
In base 11, what is -2 + -466?
-468
In base 8, what is -102 + 5?
-75
In base 5, what is 104401 - 10?
104341
In base 3, what is -112 - -1200020?
1122201
In base 8, what is -1 + 200?
177
In base 2, what is 10010011101 - 110?
10010010111
In base 2, what is -1 + -10110001?
-10110010
In base 2, what is -10100110 + -1000?
-10101110
In base 3, what is 10 - -101?
111
In base 11, what is 12a0 + 4?
12a4
In base 6, what is 4 + 1343?
1351
In base 13, what is 254 - -4?
258
In base 2, what is 11 - -1001001?
1001100
In base 16, what is 16 - -2?
18
In base 8, what is 10 - 17?
-7
In base 9, what is -8 + -1155?
-1164
In base 13, what is -b + 36c?
361
In base 5, what is 10 + -122?
-112
In base 5, what is -1 - -34?
33
In base 15, what is c + -16?
-9
In base 7, what is -4 + 261?
254
In base 3, what is 0 - 1201212?
-1201212
In base 4, what is -1210 - 3?
-1213
In base 16, what is -27f3 - -3?
-27f0
In base 16, what is e + -376?
-368
In base 2, what is -11110 - 10001?
-101111
In base 11, what is 80 + -4?
77
In base 3, what is 11 - -2210?
2221
In base 2, what is 10100 + 1011110?
1110010
In base 7, what is -254 - -2?
-252
In base 13, what is 1946 - 3?
1943
In base 2, what is -10110100011 - -100?
-10110011111
In base 7, what is 0 + -12344?
-12344
In base 6, what is 400 - 2?
354
In base 12, what is 285 + -5?
280
In base 4, what is 101 - -130?
231
In base 6, what is -3133 + -3?
-3140
In base 4, what is -320 + -12?
-332
In base 11, what is 1 - 2?
-1
In base 15, what is -266 + 2?
-264
In base 11, what is 5 + 1870?
1875
In base 9, what is -4 - -20?
15
In base 14, what is 1869 + 1?
186a
In base 13, what is -86c + 1?
-86b
In base 3, what is 2 + -2212?
-2210
In base 2, what is 100011 - 10001010?
-1100111
In base 15, what is 1005 - 1?
1004
In base 13, what is -8239 + 2?
-8237
In base 14, what is -b + 16?
9
In base 4, what is 0 - 1121?
-1121
In base 13, what is 3 - a4?
-a1
In base 15, what is -273 + 0?
-273
In base 2, what is 11 + 101110?
110001
In base 2, what is -1010 + 110001101?
110000011
In base 4, what is -1101332 - 3?
-1102001
In base 16, what is ad + 3?
b0
In base 10, what is 65 + -60?
5
In base 3, what is 11001100 - 11?
11001012
In base 7, what is 5 + -634?
-626
In base 8, what is -116 + 1?
-115
In base 5, what is -1 + -3030?
-3031
In base 8, what is -20 + 4?
-14
In base 9, 